a factor of (-1)/(-2 + w/(-18))?
True
Suppose -116 = -5*g + 44. Suppose -5*k + k = -g. Is 3 a factor of k?
False
Let s(y) = -y**2 + 5*y - 4. Let g be s(3). Suppose 0 = -0*w + g*w - 94. Is 12 a factor of w/2 + (-1)/(-2)?
True
Let l be -3 + 1 + (46 - -2). Suppose 0 = -2*a + 2 + l. Does 12 divide a?
True
Let k = 50 + -41. Does 9 divide k?
True
Let o = 8 - 5. Suppose 3*y = -z, 0 = 4*z - o*z + 4*y + 1. Suppose 0*u - 39 = -4*u + 5*k, -3*u = z*k - 36. Does 3 divide u?
False
Let r(a) = a**2 + 4*a - 5. Let t be 3 + -10 - 3 - -1. Is r(t) a multiple of 20?
True
Let o(a) = 7*a + 1. Let n be o(7). Suppose n = 3*h - 10. Does 8 divide h?
False
Let l(z) be the third derivative of z**4/24 - z**3/3 - z**2. Let j be l(5). Suppose 10 - 2 = -2*p + 5*u, -5*p - j*u + 42 = 0. Is p a multiple of 6?
True
Let c(o) = 2*o**3 - 3*o**2 + 2*o - 2. Let t(l) = -11*l + 21. Let i(w) = -4*w + 7. Let b(u) = 17*i(u) - 6*t(u). Let v be b(-5). Is 15 a factor of c(v)?
False
Let b be 1*6/1 - 0. Suppose -b*i = -3*i + 9. Is 19 a factor of ((-13)/(-2) - i)*2?
True
Let t(o) = o**3 + 9*o**2 + 7*o - 4. Let b be t(-8). Suppose 0*p = -b*p + 120. Is p a multiple of 30?
True
Let c(o) = -o**3 + 7*o**2 + 5. Suppose 3*d = -3*w + 21, 2*d + 0*d - 14 = 2*w. Is c(d) a multiple of 3?
False
Let l(d) = 44*d**3 + 1. Let p be l(1). Does 12 divide 3/4 + p/4?
True
Suppose -2*p = 5*k + 17, 6*p = 3*p + 2*k - 16. Does 9 divide (-2)/4 - 165/p?
True
Let g(t) = -t**2 - 4*t + 7. Let l be g(-5). Suppose 3*c = 3, 4*o - 5*c - 17 = -l. Is o a multiple of 2?
False
Suppose 5*d - 3 = 2*s - 44, -2*d = -5*s + 8. Does 13 divide -10 - d - 80/(-2)?
True
Let j be -1*5/((-5)/8). Let y(i) = i - 3. Let z be y(j). Suppose -5*t = -z*p + 31 - 186, -4*t + 94 = 2*p. Is t a multiple of 23?
False
Let l(v) = -8*v - 11. Suppose -12 = 4*k + 16. Does 8 divide l(k)?
False
Let i = -29 - -12. Let o(w) = -w**3 + 1. Let z be o(0). Let r = z - i. Is r a multiple of 15?
False
Let b(z) = 2*z**2 + 6*z + 2. Suppose 6*o + 8 = 4*o. Does 6 divide b(o)?
False
Suppose -66 = -7*q + 5*q. Does 20 divide q?
False
Let n = -111 + 195. Is 28 a factor of n?
True
Suppose -2*i + 0*i + 2*k = 0, 0 = k. Suppose -y = -3*s + 195, s + y + i*y - 69 = 0. Is 24 a factor of s?
False
Let k be ((-6)/4)/((-9)/12). Suppose -2*j + 38 = k*g - 0*j, -4*g = -5*j - 121. Is g a multiple of 8?
True
Let h(q) = -q**3 - 12*q**2 + 12*q + 16. Is h(-13) a multiple of 8?
False
Suppose -10*j = -53 - 7. Let l(m) = -8 - 5*m**2 + 4*m**2 - 4*m + 2*m**2. Does 2 divide l(j)?
True
Suppose 4 = 2*d - 2. Suppose -3*f - f = -5*l + 67, f = -d. Is l a multiple of 3?
False
Let w be (-6)/3*(1 + -3). Let t = w - 0. Let r(o) = 13*o + 2. Is 23 a factor of r(t)?
False
Suppose -5*s + 5*b + 92 + 58 = 0, 36 = s + b. Let i = s + -27. Is i even?
True
Let u be ((-15)/(-10))/(6/16). Suppose 0 = -5*t - 3*d + 19, 5*d + 7 = t + u*d. Does 4 divide t?
False
Let d = 10 + -7. Suppose 135 = 3*k + d*t, 0 = -3*k + 4*k - 4*t - 50. Let p = k - 28. Does 9 divide p?
True
Suppose -2*q - 137 = -y - 359, 0 = 5*q + 5*y - 570. Does 23 divide q?
False
Let a = 30 - -26. Is a a multiple of 28?
True
Let o = -5 - 1. Let m be (140/o)/((-8)/12). Is 9 a factor of (-1)/(1 + 0) + m?
False
Let p be (-4)/(-3)*(-3)/(-2). Suppose -6*u - 398 = -5*v - 4*u, p*u = -8. Suppose -9 = -3*t, v = 2*k + 2*k + 2*t. Is k a multiple of 9?
True
Let j = 10 - -380. Does 28 divide j?
False
Let n be (-147)/6*(-2)/1. Suppose 0 = -3*b + g + 52, -3*b + n = 3*g - 11. Is b a multiple of 15?
False
Let o(d) = d + 5. Let l be o(-5). Suppose 3*t = -l*t + 204. Is ((-1)/(-2))/(2/t) a multiple of 16?
False
Let v = 17 - 16. Is (4/4)/v - -7 a multiple of 4?
True
Suppose 7*j + 485 = 12*j. Does 23 divide j?
False
Let w(o) = o**3 + 3*o**2 - 8*o - 5. Let c be w(-5). Let r be 231/c + 4/10. Is 10*((-54)/r - 2) a multiple of 10?
False
Suppose -5*a - 51 = -3*d, 62 = 3*d - 3*a + 11. Is d a multiple of 6?
False
Suppose -406 = -2*y - 134. Does 43 divide y?
False
Let n(q) = q**2 + 5*q - 2. Suppose -u - 5*m = -0 - 4, 2*m = u + 10. Is n(u) even?
True
Let u = 112 + -67. Let r be -2*(-1 + 1 + -1). Suppose 0 = r*g + 3*g - u. Is 5 a factor of g?
False
Let s = 80 + 54. Is 24 a factor of s?
False
Let r = 14 - 2. Does 10 divide r?
False
Suppose -52 = -f + 4*j, j - 71 - 78 = -2*f. Let n = 37 + -8. Let l = f - n. Is l a multiple of 11?
False
Let f(w) = -w**2 + 12*w + 18. Is f(12) a multiple of 18?
True
Let b = -6 + 2. Is ((-2)/b)/((-2)/(-152)) a multiple of 13?
False
Suppose -r - 41 = -3*y, -4*r - 26 = -3*y - 6*r. Is y a multiple of 4?
True
Suppose 234 = -t + 3*t. Let j = t - 81. Does 18 divide j?
True
Let c be -6*(3 + (-8)/3). Is 12 a factor of ((-10)/c)/((-3)/(-18))?
False
Let k = -1 - 1. Let f be -7 + (-2 - (-2 + k)). Does 6 divide f/25 + 162/10?
False
Let a be ((-1)/(-3))/((-3)/(-36)). Let m be (-6)/a + (-4)/8. Let n = m - -14. Is n a multiple of 6?
True
Let y(j) = j**2 + 8*j + 1. Suppose -3*r = 2*r. Let b(p) = -p**3 + p**2 + p - 9. Let n be b(r). Is y(n) a multiple of 10?
True
Let l(f) = -16*f + 8. Let o(g) = -5*g + 3. Let p(c) = -4*l(c) + 11*o(c). Is 18 a factor of p(2)?
False
Suppose -3*r + 15 = o + 4*o, 3*r = -o + 3. Is o even?
False
Suppose 2*a + 18 = 5*a. Suppose -a*b = -b. Suppose -4*q - 8 = 0, b = -3*u + u + 4*q + 32. Is 6 a factor of u?
True
Let m be ((-2)/4)/(1/2). Let o = 9 - m. Does 10 divide o?
True
Let b be 3*(32/(-6))/(-2). Suppose -2*n = 4*j - 64, n - 4*j + 3 - 23 = 0. Suppose -n = -w + b. Is w a multiple of 18?
True
Let i = 1318 + -808. Is 1/(-4) + i/24 a multiple of 12?
False
Is 2 a factor of (40/(-35))/4 - 60/(-14)?
True
Suppose 3*r = -0*r + 6, -o + 29 = 2*r. Is 9 a factor of o?
False
Suppose 4*i + 5*o = 5, 2*i = -3*i + o - 30. Let z = i + 12. Is z a multiple of 7?
True
Let j(b) = -3*b**3 - 8*b**2 - b - 4. Is j(-4) a multiple of 16?
True
Does 18 divide ((36/5)/(-2))/((-8)/200)?
True
Suppose -w - 4*s = -22, 4 = -4*w + 2*s + 2. Suppose w*m - 10 = 14. Does 6 divide m?
True
Suppose 78 = -10*j + 258. Is j a multiple of 7?
False
Suppose 0*r = -r + 82. Suppose -5*y - u = -204, -4*y + r = -4*u - 86. Suppose -3*z = -y - 46. Does 10 divide z?
False
Let v(c) be the third derivative of c**4/12 - c**3/3 - 2*c**2. Let o be v(-2). Let g(n) = -2*n - 7. Is g(o) a multiple of 2?
False
Let d = -25 + 27. Does 10 divide 91/d + (-5)/10?
False
Suppose 3*n - m = 2*n + 68, -4*n + 276 = -5*m. Is 9 a factor of n?
False
Does 3 divide 30/4*(-24)/(-18)?
False
Suppose q = -3*y + 22 + 29, 0 = -3*y + 3. Let b = -8 + q. Suppose 4*i = b + 64. Is i a multiple of 13?
True
Let w = -9 + 13. Suppose -3*r - 2*r = -w*v + 14, 5*r = -2*v + 22. Is 3 a factor of v?
True
Suppose -4*u - 15 = u. Let g be 4 + (-1 - 1 - u). Suppose -g - 2 = -b. Is 2 a factor of b?
False
Let t(a) = 5*a - 6*a - a**2 - 9*a. Suppose 13*f + 45 = 8*f. Is 9 a factor of t(f)?
True
Suppose 0 = -2*b + 7*b - 45. Does 11 divide 2 - -6*b/6?
True
Suppose 4*j + 30 = -5*p, 0 = p + 5*j - 2*j + 17. Let m = p - -4. Suppose 7 + 43 = m*b. Does 25 divide b?
True
Let r(t) = -t**3 - t - 1. Let o(z) be the second derivative of 3*z**5/20 - z**4/2 + 2*z. Let i(u) = -o(u) - 4*r(u). Is 20 a factor of i(-4)?
True
Let v(b) = b**3 + 6*b**2 + 8*b + 7. Let g be v(-5). Let u = 29 - g. Does 15 divide u?
False
Suppose f = 23 + 42. Does 31 divide f?
False
Is (-35)/9 - (-11)/(-99) - -15 even?
False
Let m(p) = 2*p - 7. Let i be m(6). Suppose d = 5*o + 3, 4*o + 3 = d + i*o. Suppose -d*v = 9, -t - t = -2*v - 42. Is t a multiple of 9?
True
Suppose -3*k - 54 = -0. Let a = 9 + k. Is 8 a factor of 3/a - 34/(-3)?
False
Let l be 146*1 + 10/(-5). Suppose -l = -3*c - 24. Does 11 divide c?
False
Let h be 44/12 - 6/9. Suppose 39 - 96 = -h*z. Is 19 a factor of z?
True
Let z(m) = m + 7. Let q(t) = 6*t**3 + 2*t + 1. Let c be q(-1). Let s be z(c). Let g = 5 - s. Is g a multiple of 4?
False
Let x(a) = -a + 2. Let l be x(2). Suppose -44 = -l*r - r. Is r a multiple of 16?
False
Let d = 9 - 6. Suppose -d = -x + 4. Does 2 divide x?
False
Let r = -44 - -62. Is 9 a factor of r?
True
Let v be 16*(2/2)/1. Suppose 3*q = -0*y - 2*y - v, 10 = -y - 2*q. Is (-1 + 0)*(-24 - y) a multiple of 8?
False
Suppose 0*a - 4*y - 46 = -a, 255 = 5*a + 5*y. Suppose 3 = -g + 3*r, -g + 4*g + 1 = 5*r. Suppose -5*b = p + g, -4*p - a = -5*b - 163. Is p a multiple of 11?
True
Let s be (-2 - -2)*(-2)/(-4). Suppose s = -0*r - r. Does 3 di